91
4205c (base 14) to base 10
159234
What is -10301015 (base 6) in base 5?
-34202431
652677 (base 9) to base 3
201202202121
What is -1b767c (base 13) in base 7?
-5652350
-128147 (base 9) to base 5
-10000002
Convert -a48900 (base 14) to base 7.
-65136100
11102311 (base 4) to base 12
10671
20310300013 (base 4) to base 16
234c07
5215442 (base 6) to base 12
101582
1001000010001 (base 2) to base 5
122000
What is -1212202011012 (base 3) in base 15?
-14ae48
What is 3022305 (base 6) in base 15?
2c605
2016644 (base 10) to base 13
557ba6
What is -1001102220210 (base 3) in base 7?
-4521051
Convert -243abf (base 16) to base 11.
-1381967
What is -14142214 (base 6) in base 3?
-220101111001
What is -276411 (base 12) in base 5?
-131410043
Convert 14152724 (base 9) to base 3.
111011202210211
What is -25788 (base 15) in base 7?
-1006232
-16637177 (base 8) to base 9
-7266855
10502051 (base 6) to base 7
2466562
Convert -179299 (base 10) to base 13.
-637c3
What is 34430115 (base 6) in base 7?
12010445
Convert 313ab7 (base 12) to base 3.
1110022201111
Convert -1031110123 (base 4) to base 6.
-10442111
1044510501 (base 6) to base 15
100a031
What is -1461a6 (base 13) in base 3?
-221100112101
Convert 5311323 (base 6) to base 12.
105543
Convert -211b414 (base 13) to base 9.
-20860776
Convert 646681 (base 11) to base 14.
1cc9b9
-2234a3 (base 15) to base 2
-110001110001111001010
-30630 (base 12) to base 7
-351663
2627020 (base 8) to base 15
e715d
What is 1040222224 (base 5) in base 15?
2ed929
What is -81974 (base 11) in base 7?
-1005526
1000101101110011101111 (base 2) to base 7
25264114
Convert -131cc (base 15) to base 2.
-1110111011101111
Convert 11355120 (base 6) to base 8.
1272230
What is 603334 (base 7) in base 2?
11000111010011011
6a7857 (base 13) to base 5
1121431141
-751542 (base 11) to base 3
-2021002120200
What is -17c01b (base 13) in base 4?
-2101321220
-3026a (base 11) to base 14
-121a1
Convert -696657 (base 11) to base 5.
-240404344
-91035 (base 11) to base 9
-222561
-1214382 (base 9) to base 12
-279685
Convert 41207173 (base 8) to base 13.
1a6407b
What is -1f226 (base 16) in base 5?
-13040101
-1e8edd (base 15) to base 10
-1498483
Convert -1936857 (base 10) to base 12.
-794a49
-10233332220 (base 4) to base 8
-4577650
What is -100012211122 (base 3) in base 6?
-3515455
Convert -1064364 (base 14) to base 2.
-11101101001011000100100
-987095 (base 10) to base 5
-223041340
What is 66b98 (base 16) in base 13?
119692
What is 2052553 (base 9) in base 15?
16a333
-37633 (base 13) to base 15
-203cd
What is -349464 (base 10) in base 16?
-55518
What is 65714a (base 11) in base 5?
232032003
Convert -20574 (base 13) to base 5.
-3324222
17ed4 (base 15) to base 9
127401
What is -ba386c (base 14) in base 5?
-3103410440
What is 1a421 (base 14) in base 16?
1046d
Convert -1b4143 (base 16) to base 4.
-12310011003
What is -373052 (base 9) in base 10?
-225308
What is -30336 (base 15) in base 8?
-452031
10000110010101000010 (base 2) to base 14
10472a
What is 10265 (base 15) in base 2?
1100011111100010
Convert -230000200 (base 4) to base 3.
-100011021011
What is -4221424 (base 6) in base 8?
-620530
What is 11111021102222 (base 3) in base 10?
2387069
Convert 1102103020 (base 5) to base 12.
968552
Convert d0296 (base 15) to base 13.
1a0a96
566301 (base 9) to base 14
8b8a9
What is 115767 (base 9) in base 12?
34537
Convert 100101110000112 (base 3) to base 15.
68815b
Convert 1db9 (base 15) to base 8.
14512
What is 47306d (base 16) in base 3?
22210000210120
Convert -100001010101010000011 (base 2) to base 13.
-2c31b6
122504061 (base 7) to base 6
433423123
What is 1321321300 (base 4) in base 5?
111434222
Convert 114c42 (base 14) to base 10.
589626
What is 2492347 (base 11) in base 9?
8116812
What is 1720387 (base 9) in base 13?
2771cb
What is -750090 (base 10) in base 14?
-1574dc
Convert -280db6 (base 15) to base 10.
-1926846
-1010000001111 (base 2) to base 12
-2b7b
Convert -1230200101 (base 5) to base 2.
-1011010110010100110010
426751 (base 12) to base 14
1d4021
-17699d (base 16) to base 4
-11312212131
-11101220210 (base 3) to base 8
-251243
What is -867247 (base 16) in base 2?
-100001100111001001000111
1a6635 (base 15) to base 11
7aa170
-1201323424 (base 5) to base 8
-12420632
What is -39848f (base 16) in base 5?
-1431110422
What is dd7b6 (base 16) in base 2?
11011101011110110110
What is -79013 (base 13) in base 16?
-35a44
What is -1001001000110001000001 (base 2) in base 3?
-11111200121011
-22411431 (base 5) to base 16
-310a2
What is 101000101000111111 (base 2) in base 15?
344c8
52b130 (base 12) to base 9
2407780
-721d2 (base 14) to base 9
-457831
What is 257528 (base 9) in base 14?
41021
What is 102760 (base 11) in base 7?
1253650
Convert 10103033323 (base 4) to base 6.
40055311
-74521 (base 11) to base 14
-2b739
Convert -1453869 (base 10) to base 12.
-5a1439
Convert -1497140 (base 12) to base 4.
-33330210000
-151515 (base 10) to base 13
-53c70
-133122021 (base 4) to base 11
-88724
Convert 2108006 (base 10) to base 6.
113103142
Convert -241428 (base 10) to base 4.
-322330110
What is 20214430 (base 8) in base 3?
22000202012210
293e40 (base 15) to base 8
7452176
What is 46717 (base 13) in base 4?
133121311
822650 (base 11) to base 13
373448
Convert -133240213 (base 5) to base 3.
-1021120201111
-160283 (base 9) to base 13
-35b98
1b8537 (base 13) to base 8
2536673
Convert 3133024 (base 5) to base 13.
1aa34
24052240 (base 6) to base 16
b7f60
-134776 (base 10) to base 13
-49465
What is -36699 (base 10) in base 9?
-55306
Convert 20fab (base 16) to base 5.
13310313
4013224 (base 5) to base 7
353214
What is 120111010231 (base 4) in base 5?
3113042043
Convert 18417 (base 9) to base 11.
9626
What is 676027 (base 9) in base 10?
404620
What is 36a74 (base 12) in base 3?
10202122121
Convert -2717256 (base 9) to base 13.
-401445
What is -8a5b8 (base 14) in base 15?
-697e0
Convert 11220010 (base 3) to base 8.
6757
What is 131232 (base 7) in base 15?
73b9
Convert 13e920 (base 16) to base 8.
4764440
1100210002 (base 4) to base 16
50902
Convert -13a3d2 (base 14) to base 15.
-d6cde
Convert 2210110213 (base 5) to base 16.
48c699
What is 10100000111100010111101 (base 2) in base 8?
24074275
Convert 2d2a43 (base 14) to base 12.
643a03
Convert d92023 (base 14) to base 11.
4165982
What is 261 (base 14) in base 2?
111011101
Convert 65c62 (base 16) to base 15.
837b1
What is -3a1aed (base 15) in base 9?
-5222417
Convert 7c149b (base 13) to base 9.
5477432
What is 22010011110111 (base 3) in base 9?
8104414
507804 (base 13) to base 8
7112460
Convert -1051415 (base 8) to base 9.
-471674
Convert 523457 (base 9) to base 4.
1023322102
125122 (base 8) to base 16
aa52
Convert 1100020000 (base 4) to base 5.
41000232
-1b79571 (base 12) to base 9
-12058184
Convert 2033bb (base 12) to base 13.
1481ab
Convert 203202230 (base 4) to base 16.
238ac
302b3 (base 14) to base 10
115797
Convert 5060544 (base 7) to base 15.
bd9a3
Convert 2306320 (base 8) to base 15.
c569c
18c163 (base 15) to base 4
10212033021
Convert 3249156 (base 10) to base 14.
608148
-47cd9 (base 16) to base 7
-2333310
-1100110011111011110 (base 2) to base 4
-1212133132
2130404210 (base 5) to base 9
8485547
-100759 (base 10) to base 7
-566521
What is 763511 (base 8) in base 16?
3e749
What is 340772 (base 9) in base 14?
544d1
Convert 10824b0 (base 13) to base 8.
23233636
4177432 (base 10) to base 3
21212020100201
1222010200 (base 3) to base 16
9750
Convert 12540234 (base 6) to base 15.
83a21
Convert -4cb0f (base 16) to base 4.
-1030230033
210142003 (base 6) to base 14
6b1175
-7c9bb (base 13) to base 5
-24243331
-4085a6 (base 15) to base 3
-12202202110110
Convert 12112233301 (base 4) to base 10.
1666033
What is -1625e7 (base 16) in base 14?
-29ad83
What is -44242215 (base 6) in base 13?
-376397
What is -3155330 (base 6) in base 5?
-14433210
-1000100111011010001 (base 2) to base 16
-44ed1
What is 2105577 (base 10) in base 2?
1000000010000011101001
22bbb (base 15) to base 4
123000323
Convert 1023103301 (base 4) to base 11.
1a0833
Convert -11110100111010110 (base 2) to base 15.
-2724d
1020320202222 (base 4) to base 2
1001000111000100010101010
What is 1156241 (base 7) in base 6?
3104102
-48ee4 (base 16) to base 5
-34024344
-a420 (base 12) to base 10
-17880
-63650 (base 8)